{"id":1619,"date":"2020-01-26T20:27:20","date_gmt":"2020-01-26T20:27:20","guid":{"rendered":"http:\/\/www.roemische-legion.de\/?page_id=1619"},"modified":"2026-07-15T18:14:25","modified_gmt":"2026-07-15T18:14:25","slug":"schulen-termine","status":"publish","type":"page","link":"https:\/\/www.roemische-legion.de\/?page_id=1619","title":{"rendered":"Schulen Termine"},"content":{"rendered":"\n<p class=\"wp-block-paragraph\"><strong>2026<\/strong><\/p>\n\n\n\n<div class=\"wp-block-columns is-layout-flex wp-container-core-columns-is-layout-8f761849 wp-block-columns-is-layout-flex\">\n<div class=\"wp-block-column is-layout-flow wp-block-column-is-layout-flow\">\n<figure class=\"wp-block-image size-large\"><img loading=\"lazy\" decoding=\"async\" width=\"1024\" height=\"524\" src=\"https:\/\/www.roemische-legion.de\/wp-content\/uploads\/2026\/07\/10.07.2026-LTG-Prien-1024x524.jpg\" alt=\"\" class=\"wp-image-5442\" srcset=\"https:\/\/www.roemische-legion.de\/wp-content\/uploads\/2026\/07\/10.07.2026-LTG-Prien-1024x524.jpg 1024w, https:\/\/www.roemische-legion.de\/wp-content\/uploads\/2026\/07\/10.07.2026-LTG-Prien-300x153.jpg 300w, https:\/\/www.roemische-legion.de\/wp-content\/uploads\/2026\/07\/10.07.2026-LTG-Prien-768x393.jpg 768w, https:\/\/www.roemische-legion.de\/wp-content\/uploads\/2026\/07\/10.07.2026-LTG-Prien-1536x786.jpg 1536w, https:\/\/www.roemische-legion.de\/wp-content\/uploads\/2026\/07\/10.07.2026-LTG-Prien-18x9.jpg 18w, https:\/\/www.roemische-legion.de\/wp-content\/uploads\/2026\/07\/10.07.2026-LTG-Prien-1200x614.jpg 1200w, https:\/\/www.roemische-legion.de\/wp-content\/uploads\/2026\/07\/10.07.2026-LTG-Prien.jpg 1920w\" sizes=\"auto, (max-width: 709px) 85vw, (max-width: 909px) 67vw, (max-width: 1362px) 62vw, 840px\" \/><figcaption class=\"wp-element-caption\">Es hat wieder Spa\u00df gemacht. Seit 2015 sind wir gern gesehene G\u00e4ste in Prien. Dieses Jahr war unter Anderem das Thema Julius C\u00e4sar, die Gallier und Auxiliareinheiten.  <\/figcaption><\/figure>\n<\/div>\n\n\n\n<div class=\"wp-block-column is-layout-flow wp-block-column-is-layout-flow\">\n<figure class=\"wp-block-image size-large\"><img loading=\"lazy\" decoding=\"async\" width=\"901\" height=\"1024\" src=\"https:\/\/www.roemische-legion.de\/wp-content\/uploads\/2026\/07\/2027-LTG-Prien-901x1024.jpg\" alt=\"\" class=\"wp-image-5443\" srcset=\"https:\/\/www.roemische-legion.de\/wp-content\/uploads\/2026\/07\/2027-LTG-Prien-901x1024.jpg 901w, https:\/\/www.roemische-legion.de\/wp-content\/uploads\/2026\/07\/2027-LTG-Prien-264x300.jpg 264w, https:\/\/www.roemische-legion.de\/wp-content\/uploads\/2026\/07\/2027-LTG-Prien-768x873.jpg 768w, https:\/\/www.roemische-legion.de\/wp-content\/uploads\/2026\/07\/2027-LTG-Prien-1352x1536.jpg 1352w, https:\/\/www.roemische-legion.de\/wp-content\/uploads\/2026\/07\/2027-LTG-Prien-11x12.jpg 11w, https:\/\/www.roemische-legion.de\/wp-content\/uploads\/2026\/07\/2027-LTG-Prien-1200x1363.jpg 1200w, https:\/\/www.roemische-legion.de\/wp-content\/uploads\/2026\/07\/2027-LTG-Prien.jpg 1800w\" sizes=\"auto, (max-width: 709px) 85vw, (max-width: 909px) 67vw, (max-width: 1362px) 62vw, 840px\" \/><\/figure>\n<\/div>\n<\/div>\n\n\n\n<p class=\"wp-block-paragraph\">Juli 2026 Luwig Thoma Gymnasium Prien<\/p>\n\n\n\n<p class=\"wp-block-paragraph\"><strong>2025<\/strong><\/p>\n\n\n\n<p class=\"wp-block-paragraph\">Juli 2025 Grundschule Rimsting a. Chiemsee<\/p>\n\n\n\n<div class=\"wp-block-columns is-layout-flex wp-container-core-columns-is-layout-8f761849 wp-block-columns-is-layout-flex\">\n<div class=\"wp-block-column is-layout-flow wp-block-column-is-layout-flow\" style=\"flex-basis:66.66%\">\n<div class=\"wp-block-columns is-layout-flex wp-container-core-columns-is-layout-8f761849 wp-block-columns-is-layout-flex\">\n<div class=\"wp-block-column is-layout-flow wp-block-column-is-layout-flow\" style=\"flex-basis:66.66%\">\n<figure class=\"wp-block-image size-large\"><img loading=\"lazy\" decoding=\"async\" width=\"1024\" height=\"508\" src=\"https:\/\/www.roemische-legion.de\/wp-content\/uploads\/2026\/07\/Vortrag-Ludwig-Thoma-Gymnasium-1024x508.webp\" alt=\"\" class=\"wp-image-5380\" srcset=\"https:\/\/www.roemische-legion.de\/wp-content\/uploads\/2026\/07\/Vortrag-Ludwig-Thoma-Gymnasium-1024x508.webp 1024w, https:\/\/www.roemische-legion.de\/wp-content\/uploads\/2026\/07\/Vortrag-Ludwig-Thoma-Gymnasium-300x149.webp 300w, https:\/\/www.roemische-legion.de\/wp-content\/uploads\/2026\/07\/Vortrag-Ludwig-Thoma-Gymnasium-768x381.webp 768w, https:\/\/www.roemische-legion.de\/wp-content\/uploads\/2026\/07\/Vortrag-Ludwig-Thoma-Gymnasium-1536x763.webp 1536w, https:\/\/www.roemische-legion.de\/wp-content\/uploads\/2026\/07\/Vortrag-Ludwig-Thoma-Gymnasium-2048x1017.webp 2048w, https:\/\/www.roemische-legion.de\/wp-content\/uploads\/2026\/07\/Vortrag-Ludwig-Thoma-Gymnasium-18x9.webp 18w, https:\/\/www.roemische-legion.de\/wp-content\/uploads\/2026\/07\/Vortrag-Ludwig-Thoma-Gymnasium-1200x596.webp 1200w\" sizes=\"auto, (max-width: 709px) 85vw, (max-width: 909px) 67vw, (max-width: 1362px) 62vw, 840px\" \/><\/figure>\n<\/div>\n\n\n\n<div class=\"wp-block-column is-layout-flow wp-block-column-is-layout-flow\" style=\"flex-basis:33.33%\">\n<figure class=\"wp-block-image size-large\"><img loading=\"lazy\" decoding=\"async\" width=\"930\" height=\"1024\" src=\"https:\/\/www.roemische-legion.de\/wp-content\/uploads\/2026\/07\/Vortrag-Ludwig-Thoma-Gymnasium-2-1-930x1024.webp\" alt=\"\" class=\"wp-image-5381\" srcset=\"https:\/\/www.roemische-legion.de\/wp-content\/uploads\/2026\/07\/Vortrag-Ludwig-Thoma-Gymnasium-2-1-930x1024.webp 930w, https:\/\/www.roemische-legion.de\/wp-content\/uploads\/2026\/07\/Vortrag-Ludwig-Thoma-Gymnasium-2-1-272x300.webp 272w, https:\/\/www.roemische-legion.de\/wp-content\/uploads\/2026\/07\/Vortrag-Ludwig-Thoma-Gymnasium-2-1-768x846.webp 768w, https:\/\/www.roemische-legion.de\/wp-content\/uploads\/2026\/07\/Vortrag-Ludwig-Thoma-Gymnasium-2-1-1394x1536.webp 1394w, https:\/\/www.roemische-legion.de\/wp-content\/uploads\/2026\/07\/Vortrag-Ludwig-Thoma-Gymnasium-2-1-11x12.webp 11w, https:\/\/www.roemische-legion.de\/wp-content\/uploads\/2026\/07\/Vortrag-Ludwig-Thoma-Gymnasium-2-1-1200x1322.webp 1200w, https:\/\/www.roemische-legion.de\/wp-content\/uploads\/2026\/07\/Vortrag-Ludwig-Thoma-Gymnasium-2-1.webp 1800w\" sizes=\"auto, (max-width: 709px) 85vw, (max-width: 909px) 67vw, (max-width: 1362px) 62vw, 840px\" \/><\/figure>\n<\/div>\n<\/div>\n<\/div>\n\n\n\n<div class=\"wp-block-column is-layout-flow wp-block-column-is-layout-flow\" style=\"flex-basis:33.33%\"><\/div>\n<\/div>\n\n\n\n<p class=\"wp-block-paragraph\">Juli 2025 Ludwig Thoma Gymnasium Prien<\/p>\n\n\n\n<p class=\"wp-block-paragraph\"><strong>2024<\/strong> <\/p>\n\n\n\n<p class=\"wp-block-paragraph\">Juli 2024. Ludwig-Thoma-Gymnasium Prien<\/p>\n\n\n\n<p class=\"wp-block-paragraph\"><strong>2023<\/strong> <\/p>\n\n\n\n<p class=\"wp-block-paragraph\">Juli 2023: Ludwig Thoma-Gymnasium Prien<\/p>\n\n\n\n<p class=\"wp-block-paragraph\"><\/p>\n","protected":false},"excerpt":{"rendered":"<p>2026 Juli 2026 Luwig Thoma Gymnasium Prien 2025 Juli 2025 Grundschule Rimsting a. Chiemsee Juli 2025 Ludwig Thoma Gymnasium Prien 2024 Juli 2024. Ludwig-Thoma-Gymnasium Prien 2023 Juli 2023: Ludwig Thoma-Gymnasium Prien<\/p>\n","protected":false},"author":1,"featured_media":0,"parent":585,"menu_order":65,"comment_status":"closed","ping_status":"closed","template":"","meta":{"footnotes":""},"class_list":["post-1619","page","type-page","status-publish","hentry"],"_links":{"self":[{"href":"https:\/\/www.roemische-legion.de\/index.php?rest_route=\/wp\/v2\/pages\/1619","targetHints":{"allow":["GET"]}}],"collection":[{"href":"https:\/\/www.roemische-legion.de\/index.php?rest_route=\/wp\/v2\/pages"}],"about":[{"href":"https:\/\/www.roemische-legion.de\/index.php?rest_route=\/wp\/v2\/types\/page"}],"author":[{"embeddable":true,"href":"https:\/\/www.roemische-legion.de\/index.php?rest_route=\/wp\/v2\/users\/1"}],"replies":[{"embeddable":true,"href":"https:\/\/www.roemische-legion.de\/index.php?rest_route=%2Fwp%2Fv2%2Fcomments&post=1619"}],"version-history":[{"count":20,"href":"https:\/\/www.roemische-legion.de\/index.php?rest_route=\/wp\/v2\/pages\/1619\/revisions"}],"predecessor-version":[{"id":5444,"href":"https:\/\/www.roemische-legion.de\/index.php?rest_route=\/wp\/v2\/pages\/1619\/revisions\/5444"}],"up":[{"embeddable":true,"href":"https:\/\/www.roemische-legion.de\/index.php?rest_route=\/wp\/v2\/pages\/585"}],"wp:attachment":[{"href":"https:\/\/www.roemische-legion.de\/index.php?rest_route=%2Fwp%2Fv2%2Fmedia&parent=1619"}],"curies":[{"name":"wp","href":"https:\/\/api.w.org\/{rel}","templated":true}]}}

<p class="wp-block-paragraph"><strong>2026</strong></p>



<div class="wp-block-columns is-layout-flex wp-container-core-columns-is-layout-8f761849 wp-block-columns-is-layout-flex">
<div class="wp-block-column is-layout-flow wp-block-column-is-layout-flow">
<figure class="wp-block-image size-large"><img loading="lazy" decoding="async" width="1024" height="524" src="https://www.roemische-legion.de/wp-content/uploads/2026/07/10.07.2026-LTG-Prien-1024x524.jpg" alt="" class="wp-image-5442" srcset="https://www.roemische-legion.de/wp-content/uploads/2026/07/10.07.2026-LTG-Prien-1024x524.jpg 1024w, https://www.roemische-legion.de/wp-content/uploads/2026/07/10.07.2026-LTG-Prien-300x153.jpg 300w, https://www.roemische-legion.de/wp-content/uploads/2026/07/10.07.2026-LTG-Prien-768x393.jpg 768w, https://www.roemische-legion.de/wp-content/uploads/2026/07/10.07.2026-LTG-Prien-1536x786.jpg 1536w, https://www.roemische-legion.de/wp-content/uploads/2026/07/10.07.2026-LTG-Prien-18x9.jpg 18w, https://www.roemische-legion.de/wp-content/uploads/2026/07/10.07.2026-LTG-Prien-1200x614.jpg 1200w, https://www.roemische-legion.de/wp-content/uploads/2026/07/10.07.2026-LTG-Prien.jpg 1920w" sizes="auto, (max-width: 709px) 85vw, (max-width: 909px) 67vw, (max-width: 1362px) 62vw, 840px" /><figcaption class="wp-element-caption">Es hat wieder Spaß gemacht. Seit 2015 sind wir gern gesehene Gäste in Prien. Dieses Jahr war unter Anderem das Thema Julius Cäsar, die Gallier und Auxiliareinheiten.  </figcaption></figure>
</div>



<div class="wp-block-column is-layout-flow wp-block-column-is-layout-flow">
<figure class="wp-block-image size-large"><img loading="lazy" decoding="async" width="901" height="1024" src="https://www.roemische-legion.de/wp-content/uploads/2026/07/2027-LTG-Prien-901x1024.jpg" alt="" class="wp-image-5443" srcset="https://www.roemische-legion.de/wp-content/uploads/2026/07/2027-LTG-Prien-901x1024.jpg 901w, https://www.roemische-legion.de/wp-content/uploads/2026/07/2027-LTG-Prien-264x300.jpg 264w, https://www.roemische-legion.de/wp-content/uploads/2026/07/2027-LTG-Prien-768x873.jpg 768w, https://www.roemische-legion.de/wp-content/uploads/2026/07/2027-LTG-Prien-1352x1536.jpg 1352w, https://www.roemische-legion.de/wp-content/uploads/2026/07/2027-LTG-Prien-11x12.jpg 11w, https://www.roemische-legion.de/wp-content/uploads/2026/07/2027-LTG-Prien-1200x1363.jpg 1200w, https://www.roemische-legion.de/wp-content/uploads/2026/07/2027-LTG-Prien.jpg 1800w" sizes="auto, (max-width: 709px) 85vw, (max-width: 909px) 67vw, (max-width: 1362px) 62vw, 840px" /></figure>
</div>
</div>



<p class="wp-block-paragraph">Juli 2026 Luwig Thoma Gymnasium Prien</p>



<p class="wp-block-paragraph"><strong>2025</strong></p>



<p class="wp-block-paragraph">Juli 2025 Grundschule Rimsting a. Chiemsee</p>



<div class="wp-block-columns is-layout-flex wp-container-core-columns-is-layout-8f761849 wp-block-columns-is-layout-flex">
<div class="wp-block-column is-layout-flow wp-block-column-is-layout-flow" style="flex-basis:66.66%">
<div class="wp-block-columns is-layout-flex wp-container-core-columns-is-layout-8f761849 wp-block-columns-is-layout-flex">
<div class="wp-block-column is-layout-flow wp-block-column-is-layout-flow" style="flex-basis:66.66%">
<figure class="wp-block-image size-large"><img loading="lazy" decoding="async" width="1024" height="508" src="https://www.roemische-legion.de/wp-content/uploads/2026/07/Vortrag-Ludwig-Thoma-Gymnasium-1024x508.webp" alt="" class="wp-image-5380" srcset="https://www.roemische-legion.de/wp-content/uploads/2026/07/Vortrag-Ludwig-Thoma-Gymnasium-1024x508.webp 1024w, https://www.roemische-legion.de/wp-content/uploads/2026/07/Vortrag-Ludwig-Thoma-Gymnasium-300x149.webp 300w, https://www.roemische-legion.de/wp-content/uploads/2026/07/Vortrag-Ludwig-Thoma-Gymnasium-768x381.webp 768w, https://www.roemische-legion.de/wp-content/uploads/2026/07/Vortrag-Ludwig-Thoma-Gymnasium-1536x763.webp 1536w, https://www.roemische-legion.de/wp-content/uploads/2026/07/Vortrag-Ludwig-Thoma-Gymnasium-2048x1017.webp 2048w, https://www.roemische-legion.de/wp-content/uploads/2026/07/Vortrag-Ludwig-Thoma-Gymnasium-18x9.webp 18w, https://www.roemische-legion.de/wp-content/uploads/2026/07/Vortrag-Ludwig-Thoma-Gymnasium-1200x596.webp 1200w" sizes="auto, (max-width: 709px) 85vw, (max-width: 909px) 67vw, (max-width: 1362px) 62vw, 840px" /></figure>
</div>



<div class="wp-block-column is-layout-flow wp-block-column-is-layout-flow" style="flex-basis:33.33%">
<figure class="wp-block-image size-large"><img loading="lazy" decoding="async" width="930" height="1024" src="https://www.roemische-legion.de/wp-content/uploads/2026/07/Vortrag-Ludwig-Thoma-Gymnasium-2-1-930x1024.webp" alt="" class="wp-image-5381" srcset="https://www.roemische-legion.de/wp-content/uploads/2026/07/Vortrag-Ludwig-Thoma-Gymnasium-2-1-930x1024.webp 930w, https://www.roemische-legion.de/wp-content/uploads/2026/07/Vortrag-Ludwig-Thoma-Gymnasium-2-1-272x300.webp 272w, https://www.roemische-legion.de/wp-content/uploads/2026/07/Vortrag-Ludwig-Thoma-Gymnasium-2-1-768x846.webp 768w, https://www.roemische-legion.de/wp-content/uploads/2026/07/Vortrag-Ludwig-Thoma-Gymnasium-2-1-1394x1536.webp 1394w, https://www.roemische-legion.de/wp-content/uploads/2026/07/Vortrag-Ludwig-Thoma-Gymnasium-2-1-11x12.webp 11w, https://www.roemische-legion.de/wp-content/uploads/2026/07/Vortrag-Ludwig-Thoma-Gymnasium-2-1-1200x1322.webp 1200w, https://www.roemische-legion.de/wp-content/uploads/2026/07/Vortrag-Ludwig-Thoma-Gymnasium-2-1.webp 1800w" sizes="auto, (max-width: 709px) 85vw, (max-width: 909px) 67vw, (max-width: 1362px) 62vw, 840px" /></figure>
</div>
</div>
</div>



<div class="wp-block-column is-layout-flow wp-block-column-is-layout-flow" style="flex-basis:33.33%"></div>
</div>



<p class="wp-block-paragraph">Juli 2025 Ludwig Thoma Gymnasium Prien</p>



<p class="wp-block-paragraph"><strong>2024</strong> </p>



<p class="wp-block-paragraph">Juli 2024. Ludwig-Thoma-Gymnasium Prien</p>



<p class="wp-block-paragraph"><strong>2023</strong> </p>



<p class="wp-block-paragraph">Juli 2023: Ludwig Thoma-Gymnasium Prien</p>



<p class="wp-block-paragraph"></p>
